he remainder when 808 is divided by 15?
13
What is the remainder when 129 is divided by 9?
3
What is the remainder when 267 is divided by 47?
32
Calculate the remainder when 1469 is divided by 7.
6
Calculate the remainder when 922 is divided by 891.
31
What is the remainder when 4116 is divided by 10?
6
Calculate the remainder when 8356 is divided by 55.
51
What is the remainder when 360 is divided by 41?
32
Calculate the remainder when 681 is divided by 220.
21
What is the remainder when 299 is divided by 50?
49
Calculate the remainder when 145 is divided by 37.
34
Calculate the remainder when 2059 is divided by 138.
127
Calculate the remainder when 56 is divided by 22.
12
Calculate the remainder when 298 is divided by 148.
2
Calculate the remainder when 168 is divided by 57.
54
Calculate the remainder when 919 is divided by 22.
17
What is the remainder when 60 is divided by 6?
0
What is the remainder when 4675 is divided by 234?
229
What is the remainder when 105 is divided by 18?
15
Calculate the remainder when 2725 is divided by 27.
25
Calculate the remainder when 701 is divided by 11.
8
Calculate the remainder when 1372 is divided by 5.
2
Calculate the remainder when 428 is divided by 58.
22
Calculate the remainder when 4193 is divided by 5.
3
What is the remainder when 252 is divided by 128?
124
What is the remainder when 2869 is divided by 33?
31
Calculate the remainder when 303 is divided by 51.
48
What is the remainder when 8831 is divided by 95?
91
What is the remainder when 1496 is divided by 31?
8
What is the remainder when 81 is divided by 34?
13
What is the remainder when 238 is divided by 21?
7
Calculate the remainder when 5249 is divided by 13.
10
What is the remainder when 2351 is divided by 56?
55
Calculate the remainder when 67 is divided by 14.
11
What is the remainder when 250 is divided by 42?
40
What is the remainder when 6509 is divided by 148?
145
What is the remainder when 309 is divided by 24?
21
What is the remainder when 3254 is divided by 812?
6
Calculate the remainder when 33 is divided by 33.
0
Calculate the remainder when 639 is divided by 16.
15
What is the remainder when 38 is divided by 30?
8
Calculate the remainder when 237 is divided by 43.
22
Calculate the remainder when 95 is divided by 68.
27
What is the remainder when 111 is divided by 26?
7
Calculate the remainder when 37765 is divided by 46.
45
Calculate the remainder when 933 is divided by 78.
75
What is the remainder when 407 is divided by 82?
79
Calculate the remainder when 369 is divided by 154.
61
Calculate the remainder when 1077 is divided by 31.
23
What is the remainder when 470 is divided by 95?
90
Calculate the remainder when 1244 is divided by 115.
94
What is the remainder when 54 is divided by 9?
0
What is the remainder when 4717 is divided by 4?
1
What is the remainder when 485 is divided by 125?
110
Calculate the remainder when 17086 is divided by 33.
25
What is the remainder when 2166 is divided by 197?
196
Calculate the remainder when 33 is divided by 12.
9
What is the remainder when 264 is divided by 67?
63
What is the remainder when 2181 is divided by 21?
18
Calculate the remainder when 327 is divided by 56.
47
What is the remainder when 453 is divided by 216?
21
Calculate the remainder when 363 is divided by 35.
13
Calculate the remainder when 378 is divided by 19.
17
What is the remainder when 101 is divided by 84?
17
What is the remainder when 271 is divided by 153?
118
Calculate the remainder when 645 is divided by 162.
159
What is the remainder when 646 is divided by 558?
88
What is the remainder when 308 is divided by 21?
14
What is the remainder when 353 is divided by 59?
58
Calculate the remainder when 458 is divided by 453.
5
Calculate the remainder when 399 is divided by 122.
33
Calculate the remainder when 56 is divided by 45.
11
Calculate the remainder when 347 is divided by 59.
52
Calculate the remainder when 4744 is divided by 65.
64
What is the remainder when 29 is divided by 11?
7
Calculate the remainder when 989 is divided by 62.
59
Calculate the remainder when 2809 is divided by 21.
16
What is the remainder when 139 is divided by 40?
19
Calculate the remainder when 286 is divided by 18.
16
Calculate the remainder when 89 is divided by 30.
29
What is the remainder when 698 is divided by 69?
8
Calculate the remainder when 614 is divided by 44.
42
Calculate the remainder when 436 is divided by 52.
20
Calculate the remainder when 732 is divided by 241.
9
What is the remainder when 2285 is divided by 13?
10
Calculate the remainder when 310 is divided by 78.
76
What is the remainder when 1531 is divided by 510?
1
Calculate the remainder when 75 is divided by 4.
3
What is the remainder when 32 is divided by 21?
11
Calculate the remainder when 242 is divided by 121.
0
What is the remainder when 261 is divided by 88?
85
Calculate the remainder when 309 is divided by 26.
23
Calculate the remainder when 899 is divided by 30.
29
Calculate the remainder when 167 is divided by 43.
38
What is the remainder when 660 is divided by 173?
141
Calculate the remainder when 5401 is divided by 14.
11
What is the remainder when 25190 is divided by 47?
45
What is the remainder when 3188 is divided by 58?
56
Calculate the remainder when 267 is divided by 58.
35
Calculate the remainder when 1006 is divided by 299.
109
Calculate the remainder when 1915 is divided by 3.
1
What is the remainder when 763 is divided by 204?
151
Calculate the remainder when 34 is divided by 16.
2
What is the remainder when 273 is divided by 55?
53
Calculate the remainder when 1172 is divided by 17.
16
What is the remainder when 14 is divided by 6?
2
Calculate the remainder when 186 is divided by 22.
10
Calculate the remainder when 63 is divided by 16.
15
What is the remainder when 984 is divided by 954?
30
Calculate the remainder when 565 is divided by 25.
15
Calculate the remainder when 508 is divided by 64.
60
Calculate the remainder when 266 is divided by 34.
28
Calculate the remainder when 2526 is divided by 79.
77
Calculate the remainder when 119 is divided by 45.
29
What is the remainder when 131 is divided by 54?
23
Calculate the remainder when 20 is divided by 1.
0
What is the remainder when 867 is divided by 79?
77
Calculate the remainder when 31041 is divided by 4.
1
Calculate the remainder when 1512 is divided by 60.
12
Calculate the remainder when 5015 is divided by 88.
87
What is the remainder when 8623 is divided by 38?
35
What is the remainder when 42 is divided by 27?
15
Calculate the remainder when 261 is divided by 55.
41
Calculate the remainder when 625 is divided by 105.
100
What is the remainder when 177 is divided by 23?
16
What is the remainder when 104 is divided by 47?
10
Calculate the remainder when 1639 is divided by 33.
22
Calculate the remainder when 444 is divided by 154.
136
What is the remainder when 28 is divided by 8?
4
Calculate the remainder when 7890 is divided by 9.
6
Calculate the remainder when 2455 is divided by 124.
99
What is the remainder when 302 is divided by 16?
14
What is the remainder when 22 is divided by 8?
6
What is the remainder when 140 is divided by 40?
20
What is the remainder when 2 is divided by 2?
0
Calculate the remainder when 42 is divided by 9.
6
Calculate the remainder when 771 is divided by 12.
3
Calculate the remainder when 227 is divided by 23.
20
Calculate the remainder when 574 is divided by 102.
64
Calculate the remainder when 13247 is divided by 276.
275
Calculate the remainder when 42 is divided by 11.
9
Calculate the remainder when 313 is divided by 37.
17
What is the remainder when 371 is divided by 177?
17
What is the remainder when 2813 is divided by 400?
13
What is the remainder when 745 is divided by 47?
40
What is the remainder when 1239 is divided by 2?
1
What is the remainder when 694 is divided by 347?
0
Calculate the remainder when 324 is divided by 24.
12
What is the remainder when 1905 is divided by 381?
0
What is the remainder when 100 is divided by 44?
12
Calculate the remainder when 1019 is divided by 30.
29
What is the remainder when 138 is divided by 10?
8
Calculate the remainder when 243 is divided by 41.
38
Calculate the remainder when 111 is divided by 101.
10
Calculate